{"id":559,"date":"2013-10-11T12:10:25","date_gmt":"2013-10-11T11:10:25","guid":{"rendered":"http:\/\/www.fischereiverein-schnaittach.de\/?page_id=559"},"modified":"2026-01-03T11:15:27","modified_gmt":"2026-01-03T10:15:27","slug":"vereinsverwaltung","status":"publish","type":"page","link":"https:\/\/www.fischereiverein-schnaittach.de\/?page_id=559","title":{"rendered":"Vereinsverwaltung"},"content":{"rendered":"\n<figure class=\"wp-block-table aligncenter is-style-stripes\"><table class=\"has-background\" style=\"background-color:#f3f4f5\"><tbody><tr><td class=\"has-text-align-left\" data-align=\"left\">Der Fischereiverein Schnaittachtal wird vom Vorstand und der Vereinsverwaltung nach au\u00dfen hin vertreten, gesch\u00e4ftlich gef\u00fchrt und im Innenverh\u00e4ltnis ehrenamtlich und unentgeldlich gef\u00fchrt. Die Verwaltungsmitglieder sind auch gleichzeitig Ansprechpartner f\u00fcr die ihnen jeweilig zugeordneten Sachbereiche. F\u00fcr allgemeine Anfragen steht der erste Vorstand oder sein Stellvertreter zur Verf\u00fcgung. <br><br>Zur Kontaktaufnahme per Email verwenden Sie bitte unser Kontaktformular.<br><br><\/td><td><\/td><\/tr><tr><td class=\"has-text-align-left\" data-align=\"left\"><strong><span style=\"background-color:rgba(0, 0, 0, 0);color:#48a300\" class=\"has-inline-color\">1. Vorstand<\/span><\/strong><br><strong>Uwe Karger<\/strong><br>vorstand.fv_schnaittach@yahoo.com<\/td><td><\/td><\/tr><tr><td class=\"has-text-align-left\" data-align=\"left\"><\/td><td><\/td><\/tr><tr><td class=\"has-text-align-left\" data-align=\"left\"><span style=\"color:#48a300\" class=\"has-inline-color\"><strong>2. Vorstand<\/strong><\/span><br><strong>Walther Rijavec<\/strong><br>vorstand.fv_schnaittach@yahoo.com<\/td><td><\/td><\/tr><tr><td class=\"has-text-align-left\" data-align=\"left\"><\/td><td><\/td><\/tr><tr><td class=\"has-text-align-left\" data-align=\"left\"><strong><span style=\"color:#48a300\" class=\"has-inline-color\">Kassier<\/span><\/strong><br><strong>Hanspeter Kenzel<\/strong><br>kasse.fv_schnaittach@yahoo.com<\/td><td><\/td><\/tr><tr><td class=\"has-text-align-left\" data-align=\"left\"><\/td><td><\/td><\/tr><tr><td class=\"has-text-align-left\" data-align=\"left\"><strong><mark style=\"background-color:rgba(0, 0, 0, 0);color:#48a300\" class=\"has-inline-color\">Schriftf\u00fchrer<\/mark><\/strong><br><strong>Peter Salwey<\/strong><\/td><td><\/td><\/tr><tr><td class=\"has-text-align-left\" data-align=\"left\"><\/td><td><\/td><\/tr><tr><td class=\"has-text-align-left\" data-align=\"left\"><strong><mark style=\"background-color:rgba(0, 0, 0, 0);color:#48a300\" class=\"has-inline-color\">Gew\u00e4sserwart<\/mark><\/strong><br><strong>Rico Glei\u00df<\/strong> (Au)<br><strong>Gernot Ringler<\/strong> (Laipersdorf)<br><strong>Felix L\u00f6hr<\/strong> (B\u00fcrgerweiher, Simonshofen, Flie\u00dfgew\u00e4sser)<br><strong>Philipp Salomon<\/strong> (H\u00f6flas)<br>gewaesserwart.fv_schnaittach@yahoo.com<\/td><td><\/td><\/tr><tr><td class=\"has-text-align-left\" data-align=\"left\"><\/td><td><\/td><\/tr><tr><td class=\"has-text-align-left\" data-align=\"left\"><strong><mark style=\"background-color:rgba(0, 0, 0, 0);color:#48a300\" class=\"has-inline-color\">Ger\u00e4tewart<\/mark><\/strong><br>Vakant<\/td><td><\/td><\/tr><tr><td class=\"has-text-align-left\" data-align=\"left\"><\/td><td><\/td><\/tr><tr><td class=\"has-text-align-left\" data-align=\"left\"><strong><span style=\"color:#48a300\" class=\"has-inline-color\">Jugendleiter<\/span><\/strong><br><strong>Mario Wendenburg<\/strong><br>jugendwart.fv_schnaittach@yahoo.com<\/td><td><\/td><\/tr><tr><td class=\"has-text-align-left\" data-align=\"left\"><\/td><td><\/td><\/tr><tr><td class=\"has-text-align-left\" data-align=\"left\"><strong><mark style=\"background-color:rgba(0, 0, 0, 0);color:#48a300\" class=\"has-inline-color\">Beisitzer<\/mark><\/strong><br><strong>Lydia Posehn<\/strong> (2. Kassier)<br><strong>Stefanie Glei\u00df<\/strong> (Presse)<br><strong>Kiril Posehn<\/strong> (Jugend)<\/td><td><\/td><\/tr><tr><td class=\"has-text-align-left\" data-align=\"left\"><\/td><td><\/td><\/tr><tr><td class=\"has-text-align-left\" data-align=\"left\"><strong><mark style=\"background-color:rgba(0, 0, 0, 0);color:#48a300\" class=\"has-inline-color\">Kassenpr\u00fcfer<\/mark><\/strong><br><strong>Anton Bink<\/strong><br><strong>Arno Gebhard<\/strong><br><br><strong><mark style=\"background-color:rgba(0, 0, 0, 0);color:#48a300\" class=\"has-inline-color\">Fischereiaufseher<\/mark><\/strong><br><strong>Martin Bendel<\/strong><br><strong>Wilfried Sch\u00fctz<\/strong><br><strong>Gernot Ringler<\/strong><br><strong>Felix L\u00f6hr<\/strong><br><strong>Thomas B\u00e4umler<\/strong><\/td><td><\/td><\/tr><\/tbody><\/table><\/figure>\n","protected":false},"excerpt":{"rendered":"<p>Der Fischereiverein Schnaittachtal wird vom Vorstand und der Vereinsverwaltung nach au\u00dfen hin vertreten, gesch\u00e4ftlich gef\u00fchrt und im Innenverh\u00e4ltnis ehrenamtlich und unentgeldlich gef\u00fchrt. Die Verwaltungsmitglieder sind auch gleichzeitig Ansprechpartner f\u00fcr die ihnen jeweilig zugeordneten Sachbereiche. F\u00fcr allgemeine Anfragen steht der erste &hellip; <a href=\"https:\/\/www.fischereiverein-schnaittach.de\/?page_id=559\">Weiterlesen <span class=\"meta-nav\">&rarr;<\/span><\/a><\/p>\n","protected":false},"author":1,"featured_media":0,"parent":0,"menu_order":0,"comment_status":"closed","ping_status":"open","template":"","meta":{"footnotes":""},"class_list":["post-559","page","type-page","status-publish","hentry"],"_links":{"self":[{"href":"https:\/\/www.fischereiverein-schnaittach.de\/index.php?rest_route=\/wp\/v2\/pages\/559","targetHints":{"allow":["GET"]}}],"collection":[{"href":"https:\/\/www.fischereiverein-schnaittach.de\/index.php?rest_route=\/wp\/v2\/pages"}],"about":[{"href":"https:\/\/www.fischereiverein-schnaittach.de\/index.php?rest_route=\/wp\/v2\/types\/page"}],"author":[{"embeddable":true,"href":"https:\/\/www.fischereiverein-schnaittach.de\/index.php?rest_route=\/wp\/v2\/users\/1"}],"replies":[{"embeddable":true,"href":"https:\/\/www.fischereiverein-schnaittach.de\/index.php?rest_route=%2Fwp%2Fv2%2Fcomments&post=559"}],"version-history":[{"count":66,"href":"https:\/\/www.fischereiverein-schnaittach.de\/index.php?rest_route=\/wp\/v2\/pages\/559\/revisions"}],"predecessor-version":[{"id":2332,"href":"https:\/\/www.fischereiverein-schnaittach.de\/index.php?rest_route=\/wp\/v2\/pages\/559\/revisions\/2332"}],"wp:attachment":[{"href":"https:\/\/www.fischereiverein-schnaittach.de\/index.php?rest_route=%2Fwp%2Fv2%2Fmedia&parent=559"}],"curies":[{"name":"wp","href":"https:\/\/api.w.org\/{rel}","templated":true}]}}