{"id":26,"date":"2013-03-10T09:59:13","date_gmt":"2013-03-10T08:59:13","guid":{"rendered":"http:\/\/fischereiverein.flyingfilms4companys.com\/?page_id=26"},"modified":"2013-03-10T11:13:33","modified_gmt":"2013-03-10T10:13:33","slug":"links","status":"publish","type":"page","link":"https:\/\/www.fischereiverein-schnaittach.de\/?page_id=26","title":{"rendered":"Links"},"content":{"rendered":"<p>Nachfolgend finden Sie interessante Links. Bitte beachten Sie, dass der Verein trotz sorgf\u00e4lltiger Kontrolle keine Haftung f\u00fcr Inhalte und Darstellungen der jeweiligen Seiteninhaber, sowie f\u00fcr die Verf\u00fcgbarkeit der Links \u00fcbernimmt:<\/p>\n<table width=\"100%\" border=\"1\" cellspacing=\"0\" cellpadding=\"0\">\n<tbody>\n<tr>\n<td width=\"50%\"><span style=\"font-family: Arial;\">\u00a0<a href=\"http:\/\/www.vdsf.de\/\" target=\"_blank\">Verband Deutscher Sportfischer<\/a><\/span><\/td>\n<td width=\"50%\"><a href=\"mailto:vdsf.ev@t-online.de\"><span style=\"font-family: Arial;\">mailto:vdsf.ev@t-online.de<\/span><\/a><\/td>\n<\/tr>\n<tr>\n<td width=\"50%\"><span style=\"font-family: Arial;\">\u00a0<a href=\"http:\/\/www.muenchen.de\/referat\/kvr\/ordnung\/jagd\/\">Kreisverwaltungsreferat<br \/>\nLandeshauptstadt M\u00fcnchen\u00a0<\/a><br \/>\nAmt f\u00fcr Sicherheits- und Ordnungsangelegenheiten<br \/>\nJagd und Fischereiwesen<br \/>\nRuppertstr. 19, Zi. 3003<br \/>\n80313 M\u00fcnchen<\/span><\/td>\n<td width=\"50%\"><span style=\"font-family: Arial;\">Tel. 089\/233-27066<\/span><\/td>\n<\/tr>\n<tr>\n<td width=\"50%\"><span style=\"font-family: Arial;\"> <a href=\"http:\/\/www.portal-fischerei.de\/\" target=\"_blank\">Fischereiportal<br \/>\ndes Bundes und der L\u00e4nder<\/a><\/span><\/td>\n<td width=\"50%\"><\/td>\n<\/tr>\n<tr>\n<td width=\"50%\"><span style=\"font-family: Arial;\"><a href=\"http:\/\/www.Topangler.de\" target=\"_blank\">www.Topangler.de<\/a><\/span><\/td>\n<td width=\"50%\"><\/td>\n<\/tr>\n<tr>\n<td width=\"50%\"><span style=\"font-family: Arial;\">\u00a0<a href=\"http:\/\/www.fischereiverband.de\/\">Fischereiverband Bayern<\/a><br \/>\nPechdellerstr. 16<br \/>\n81545 M\u00fcnchen\u00a0<\/span><\/td>\n<td width=\"50%\"><span style=\"font-family: Arial;\"><a href=\"mailto:poststelle@lfvbayern.de\">mailto:poststelle@lfvbayern.de<br \/>\n<\/a>Telefon 089\/642726-0<br \/>\nTelefax 089\/642726-66<\/span><\/td>\n<\/tr>\n<tr>\n<td width=\"50%\"><span style=\"font-family: Arial;\">\u00a0Bayerische Landesanstalt f\u00fcr Fischerei<br \/>\nWeilheimer Stra\u00dfe 8<br \/>\n82319Starnberg\u00a0<\/span><\/td>\n<td width=\"50%\"><span style=\"font-family: Arial;\">Tel. 08151\/2692-0<br \/>\nFax 08151\/2692-70<\/span><\/td>\n<\/tr>\n<tr>\n<td width=\"50%\"><span style=\"font-family: Arial;\"> <a href=\"http:\/\/www.lfl.bayern.de\/ifi\/\" target=\"_blank\">Bayerische Landesanstalt f\u00fcr Landwirtschaft (LfL),\u00a0 (Fischerei)<\/a><br \/>\nV\u00f6ttinger Str. 38, 85354 Freising-Weihenstephan<\/span><\/td>\n<td width=\"50%\"><\/td>\n<\/tr>\n<tr>\n<td width=\"50%\">\u00a0<span style=\"font-family: Arial;\">Fischereiverband Mittelfranken e.V.<br \/>\n<a href=\"http:\/\/www.fv-mfr.de\/\">http:\/\/www.fv-mfr.de\/<\/a><\/span><br \/>\n<span style=\"font-family: Arial;\">Maiacherstr. 60d<br \/>\n90441 N\u00fcrnberg\u00a0<\/span><\/td>\n<td width=\"50%\"><span style=\"font-family: Arial;\">Tel: 0911\/4248010<br \/>\nFax: 0911\/42480113<\/span><\/td>\n<\/tr>\n<tr>\n<td width=\"50%\">\u00a0<span style=\"font-family: Arial;\">Fachberater f\u00fcr Fischerei in Mittelfranken<\/span><\/td>\n<td width=\"50%\"><span style=\"font-family: Arial;\">Tel: 0911\/335371<br \/>\nFax:0911\/330557<\/span><\/td>\n<\/tr>\n<tr>\n<td width=\"50%\"><span style=\"font-family: Arial;\">\u00a0<\/span><a href=\"http:\/\/www.lfi.bayern.de\" target=\"_blank\" name=\"Bayerische Landesanstalt f\u00fcr Fischerei\"><span style=\"font-family: Arial;\">Bayerische Landesanstalt f\u00fcr Fischerei<\/span><\/a><\/td>\n<td width=\"50%\"><\/td>\n<\/tr>\n<tr>\n<td width=\"50%\"><span style=\"font-family: Arial;\">\u00a0<\/span><a href=\"http:\/\/www.lfvbayern.de\" target=\"_blank\" name=\"Landesfischereiverband Bayern e.V.\"><span style=\"font-family: Arial;\">Landesfischereiverband Bayern e.V.<\/span><\/a><\/td>\n<td width=\"50%\"><\/td>\n<\/tr>\n<tr>\n<td width=\"50%\"><\/td>\n<td width=\"50%\"><\/td>\n<\/tr>\n<tr>\n<td width=\"50%\"><span style=\"font-family: Arial;\">\u00a0<a href=\"http:\/\/www.untere-pegnitz.de\/\" target=\"_blank\">Fischereiverein &#8222;Untere Pegnitz&#8220; e.V.<br \/>\nLauf a. d. Pegnitz<\/a><\/span><\/td>\n<td width=\"50%\"><\/td>\n<\/tr>\n<tr>\n<td width=\"50%\"><span style=\"font-family: Arial;\"> <a href=\"http:\/\/www.asv-hage.de\" target=\"_blank\">Anglersportverein Hage e.V.<\/a><\/span><\/td>\n<td width=\"50%\"><\/td>\n<\/tr>\n<tr>\n<td width=\"50%\"><\/td>\n<td width=\"50%\"><\/td>\n<\/tr>\n<tr>\n<td width=\"50%\"><span style=\"font-family: Arial;\">\u00a0<a href=\"http:\/\/vereinskartell.de\" target=\"_blank\">Vereinkartell Schnaittach<\/a><\/span><\/td>\n<td width=\"50%\"><span style=\"font-family: Arial;\">(Leider noch immer kein Inhalt)<\/span><\/td>\n<\/tr>\n<tr>\n<td width=\"50%\"><span style=\"font-family: Arial;\">\u00a0<a href=\"http:\/\/www.schnaittach.de\" target=\"_blank\">Gemeinde Schnaittach<\/a><\/span><\/td>\n<td width=\"50%\"><\/td>\n<\/tr>\n<tr>\n<td width=\"50%\"><span style=\"font-family: Arial;\">\u00a0<a href=\"http:\/\/www.grossbellhofen.de\" target=\"_blank\">Gro\u00dfbellhofen<\/a><\/span><\/td>\n<td width=\"50%\"><\/td>\n<\/tr>\n<tr>\n<td width=\"50%\"><span style=\"font-family: Arial;\"><a href=\"http:\/\/www.ff-schnaittach.de\" target=\"_blank\">Freiwillige Feuerwehr Schnaittach<\/a><\/span><\/td>\n<td width=\"50%\"><\/td>\n<\/tr>\n<tr>\n<td width=\"50%\"><\/td>\n<td width=\"50%\"><\/td>\n<\/tr>\n<tr>\n<td width=\"50%\"><span style=\"font-family: Arial;\">Verlag Kastner<br \/>\nSchlo\u00dfhof 2-6<br \/>\n85283 Wolnzach\u00a0<\/span><\/td>\n<td width=\"50%\"><span style=\"font-family: Arial;\">Telefon 08442\/9253-0<\/span><\/td>\n<\/tr>\n<tr>\n<td width=\"50%\"><span style=\"font-family: Arial;\"> <a href=\"http:\/\/www.kirwa-hedersdorf.de\/\">http:\/\/www.kirwa-hedersdorf.de\/<\/a><\/span><\/td>\n<td width=\"50%\"><span style=\"font-family: Arial;\">Kirchweih Hedersdorf<\/span><\/td>\n<\/tr>\n<tr>\n<td width=\"50%\"><a href=\"http:\/\/www.fischinfo.de\/\"> <span style=\"font-family: Arial; font-size: small;\">\u00a0http:\/\/www.fischinfo.de\/<\/span><\/a><\/td>\n<td width=\"50%\"><span style=\"font-family: Arial;\">Fisch-Informationszentrum (FIZ) e.V<\/span><\/td>\n<\/tr>\n<\/tbody>\n<\/table>\n<p align=\"left\">\n","protected":false},"excerpt":{"rendered":"<p>Nachfolgend finden Sie interessante Links. Bitte beachten Sie, dass der Verein trotz sorgf\u00e4lltiger Kontrolle keine Haftung f\u00fcr Inhalte und Darstellungen der jeweiligen Seiteninhaber, sowie f\u00fcr die Verf\u00fcgbarkeit der Links \u00fcbernimmt: \u00a0Verband Deutscher Sportfischer mailto:vdsf.ev@t-online.de \u00a0Kreisverwaltungsreferat Landeshauptstadt M\u00fcnchen\u00a0 Amt f\u00fcr Sicherheits- &hellip; <a href=\"https:\/\/www.fischereiverein-schnaittach.de\/?page_id=26\">Weiterlesen <span class=\"meta-nav\">&rarr;<\/span><\/a><\/p>\n","protected":false},"author":1,"featured_media":0,"parent":0,"menu_order":0,"comment_status":"closed","ping_status":"closed","template":"","meta":{"footnotes":""},"class_list":["post-26","page","type-page","status-publish","hentry"],"_links":{"self":[{"href":"https:\/\/www.fischereiverein-schnaittach.de\/index.php?rest_route=\/wp\/v2\/pages\/26","targetHints":{"allow":["GET"]}}],"collection":[{"href":"https:\/\/www.fischereiverein-schnaittach.de\/index.php?rest_route=\/wp\/v2\/pages"}],"about":[{"href":"https:\/\/www.fischereiverein-schnaittach.de\/index.php?rest_route=\/wp\/v2\/types\/page"}],"author":[{"embeddable":true,"href":"https:\/\/www.fischereiverein-schnaittach.de\/index.php?rest_route=\/wp\/v2\/users\/1"}],"replies":[{"embeddable":true,"href":"https:\/\/www.fischereiverein-schnaittach.de\/index.php?rest_route=%2Fwp%2Fv2%2Fcomments&post=26"}],"version-history":[{"count":3,"href":"https:\/\/www.fischereiverein-schnaittach.de\/index.php?rest_route=\/wp\/v2\/pages\/26\/revisions"}],"predecessor-version":[{"id":93,"href":"https:\/\/www.fischereiverein-schnaittach.de\/index.php?rest_route=\/wp\/v2\/pages\/26\/revisions\/93"}],"wp:attachment":[{"href":"https:\/\/www.fischereiverein-schnaittach.de\/index.php?rest_route=%2Fwp%2Fv2%2Fmedia&parent=26"}],"curies":[{"name":"wp","href":"https:\/\/api.w.org\/{rel}","templated":true}]}}