{"id":23,"date":"2013-03-10T09:57:17","date_gmt":"2013-03-10T08:57:17","guid":{"rendered":"http:\/\/fischereiverein.flyingfilms4companys.com\/?page_id=23"},"modified":"2024-10-03T13:01:57","modified_gmt":"2024-10-03T12:01:57","slug":"geschichte","status":"publish","type":"page","link":"https:\/\/www.fischereiverein-schnaittach.de\/?page_id=23","title":{"rendered":"Vereinsgeschichte"},"content":{"rendered":"<p>Unser Verein wurde 1976 gegr\u00fcndet. Die Vereinsgeschichte fasst die Festrede des ersten Vorstands anl\u00e4sslich der 25-Jahrfeier hervorragend zusammen.<\/p>\n<p><a href=\"http:\/\/www.fischereiverein-schnaittachtal.de\/wp-content\/uploads\/2013\/06\/Chronik-.pdf\">Chronik zur 25 Jahrfeier<\/a><\/p>\n<p><a href=\"http:\/\/fischereiverein-schnaittach.de\/downloads\/chronik-zur-30-jahrfeier.pdf\">Chronik zur 30 Jahrfeier<\/a><\/p>\n<p><a title=\"Chronik zur 35 Jahrfeier\" href=\"http:\/\/fischereiverein-schnaittachtal.de\/downloads\/chronik-zur-35-jahrfeier.pdf\">Chronik zur 35 Jahrfeier<\/a><\/p>\n<p><span class=\"Apple-style-span\"><b>1976 Vereinsgr\u00fcndung<\/b>,<\/span><\/p>\n<p align=\"left\">Gr\u00fcndungsmitglieder: Bernhard Trautner, Walter Schwetz, Reinhold Kolschefski, Konrad Huber, Herbert R\u00f6\u00dfler, Hans Ruckriegl, Siegfried Ruckriegl, Wilfried Sch\u00fctz, Erich Singer, Kurt Rubner und Eduard Birnstein.<\/p>\n<hr \/>\n<h4 style=\"text-align: left;\"><strong>Vorst\u00e4nde:<\/strong><\/h4>\n<p style=\"text-align: center;\"><strong>1976<\/strong><\/p>\n<p style=\"text-align: center;\"><a href=\"https:\/\/www.fischereiverein-schnaittach.de\/wp-content\/uploads\/2013\/06\/Trautner.png\"><img loading=\"lazy\" decoding=\"async\" class=\" wp-image-418 aligncenter\" src=\"https:\/\/www.fischereiverein-schnaittach.de\/wp-content\/uploads\/2013\/06\/Trautner.png\" alt=\"\" width=\"375\" height=\"286\" srcset=\"https:\/\/www.fischereiverein-schnaittach.de\/wp-content\/uploads\/2013\/06\/Trautner.png 463w, https:\/\/www.fischereiverein-schnaittach.de\/wp-content\/uploads\/2013\/06\/Trautner-300x228.png 300w, https:\/\/www.fischereiverein-schnaittach.de\/wp-content\/uploads\/2013\/06\/Trautner-393x300.png 393w\" sizes=\"auto, (max-width: 375px) 100vw, 375px\" \/><\/a><strong>1. Vorstand \u00a0 \u00a0 \u00a0 \u00a0 \u00a0 \u00a0 \u00a0 \u00a0 \u00a0 \u00a0 \u00a0\u00a0 2. Vorstand<\/strong><\/p>\n<p style=\"text-align: center;\">Bernhard Trautner \u00a0 \u00a0 \u00a0 \u00a0 \u00a0\u00a0 Walter Schwetz<\/p>\n<hr \/>\n<p style=\"text-align: center;\"><strong>1984<\/strong><\/p>\n<p style=\"text-align: center;\"><a href=\"https:\/\/www.fischereiverein-schnaittach.de\/wp-content\/uploads\/2013\/06\/Schwetz1.png\"><img loading=\"lazy\" decoding=\"async\" class=\"alignnone size-full wp-image-420\" src=\"https:\/\/www.fischereiverein-schnaittach.de\/wp-content\/uploads\/2013\/06\/Schwetz1.png\" alt=\"\" width=\"256\" height=\"365\" srcset=\"https:\/\/www.fischereiverein-schnaittach.de\/wp-content\/uploads\/2013\/06\/Schwetz1.png 256w, https:\/\/www.fischereiverein-schnaittach.de\/wp-content\/uploads\/2013\/06\/Schwetz1-210x300.png 210w\" sizes=\"auto, (max-width: 256px) 100vw, 256px\" \/><\/a><\/p>\n<p style=\"text-align: center;\"><strong>1. Vorstand \u00a0 \u00a0 \u00a0\u00a0 \u00a0 \u00a0 \u00a0\u00a0 2. Vorstand<\/strong><\/p>\n<p style=\"text-align: center;\">Walter Schwetz \u00a0 \u00a0\u00a0 \u00a0 Walter Winter<\/p>\n<hr \/>\n<p style=\"text-align: center;\"><strong>1986<\/strong><\/p>\n<p style=\"text-align: center;\"><a href=\"https:\/\/www.fischereiverein-schnaittach.de\/wp-content\/uploads\/2013\/06\/Trautner.png\"><img loading=\"lazy\" decoding=\"async\" class=\"alignnone  wp-image-418\" src=\"https:\/\/www.fischereiverein-schnaittach.de\/wp-content\/uploads\/2013\/06\/Trautner.png\" alt=\"\" width=\"394\" height=\"301\" srcset=\"https:\/\/www.fischereiverein-schnaittach.de\/wp-content\/uploads\/2013\/06\/Trautner.png 463w, https:\/\/www.fischereiverein-schnaittach.de\/wp-content\/uploads\/2013\/06\/Trautner-300x228.png 300w, https:\/\/www.fischereiverein-schnaittach.de\/wp-content\/uploads\/2013\/06\/Trautner-393x300.png 393w\" sizes=\"auto, (max-width: 394px) 100vw, 394px\" \/><\/a><\/p>\n<p style=\"text-align: center;\"><strong>1. Vorstand \u00a0 \u00a0 \u00a0 \u00a0 \u00a0 \u00a0 \u00a0 \u00a0 \u00a0 \u00a0 \u00a0\u00a0 2. Vorstand<\/strong><\/p>\n<p style=\"text-align: center;\">Bernhard Trautner \u00a0 \u00a0 \u00a0 \u00a0 \u00a0 \u00a0 \u00a0 Arno Gebhard<\/p>\n<hr \/>\n<p style=\"text-align: center;\"><strong>1988<\/strong><\/p>\n<p style=\"text-align: center;\"><a href=\"https:\/\/www.fischereiverein-schnaittach.de\/wp-content\/uploads\/2013\/06\/R\u00f6\u00dfler.png\"><img loading=\"lazy\" decoding=\"async\" class=\"alignnone  wp-image-421\" src=\"https:\/\/www.fischereiverein-schnaittach.de\/wp-content\/uploads\/2013\/06\/R\u00f6\u00dfler.png\" alt=\"\" width=\"358\" height=\"332\" srcset=\"https:\/\/www.fischereiverein-schnaittach.de\/wp-content\/uploads\/2013\/06\/R\u00f6\u00dfler.png 390w, https:\/\/www.fischereiverein-schnaittach.de\/wp-content\/uploads\/2013\/06\/R\u00f6\u00dfler-300x278.png 300w, https:\/\/www.fischereiverein-schnaittach.de\/wp-content\/uploads\/2013\/06\/R\u00f6\u00dfler-323x300.png 323w\" sizes=\"auto, (max-width: 358px) 100vw, 358px\" \/><\/a><\/p>\n<p style=\"text-align: center;\"><strong>1. Vorstand \u00a0 \u00a0 \u00a0 \u00a0 \u00a0 \u00a0\u00a0\u00a0 \u00a0 \u00a0\u00a0 2. Vorstand<\/strong><\/p>\n<p style=\"text-align: center;\">Herbert R\u00f6\u00dfler\u00a0 \u00a0 \u00a0 \u00a0 \u00a0 \u00a0 \u00a0\u00a0 Franz Watzlav<\/p>\n<hr \/>\n<p style=\"text-align: center;\"><strong>1996<\/strong><\/p>\n<p style=\"text-align: center;\"><a href=\"https:\/\/www.fischereiverein-schnaittach.de\/wp-content\/uploads\/2013\/06\/Ruckriegl.png\"><img loading=\"lazy\" decoding=\"async\" class=\"alignnone size-full wp-image-422\" src=\"https:\/\/www.fischereiverein-schnaittach.de\/wp-content\/uploads\/2013\/06\/Ruckriegl.png\" alt=\"\" width=\"355\" height=\"365\" srcset=\"https:\/\/www.fischereiverein-schnaittach.de\/wp-content\/uploads\/2013\/06\/Ruckriegl.png 355w, https:\/\/www.fischereiverein-schnaittach.de\/wp-content\/uploads\/2013\/06\/Ruckriegl-291x300.png 291w\" sizes=\"auto, (max-width: 355px) 100vw, 355px\" \/><\/a><\/p>\n<p style=\"text-align: center;\"><strong>1. Vorstand \u00a0 \u00a0 \u00a0 \u00a0 \u00a0 \u00a0 \u00a0 \u00a0 \u00a0 \u00a0 \u00a0\u00a0 2. Vorstand<\/strong><\/p>\n<p style=\"text-align: center;\">Siegfried Ruckriegl\u00a0 \u00a0 \u00a0 \u00a0 \u00a0 \u00a0 \u00a0\u00a0 Artur Schramm<\/p>\n<hr \/>\n<p style=\"text-align: center;\"><strong>2006<\/strong><\/p>\n<p style=\"text-align: center;\"><img loading=\"lazy\" decoding=\"async\" class=\" wp-image-439 aligncenter\" src=\"https:\/\/www.fischereiverein-schnaittach.de\/wp-content\/uploads\/2013\/03\/g\u00fcnter.jpg\" alt=\"\" width=\"346\" height=\"447\" srcset=\"https:\/\/www.fischereiverein-schnaittach.de\/wp-content\/uploads\/2013\/03\/g\u00fcnter.jpg 382w, https:\/\/www.fischereiverein-schnaittach.de\/wp-content\/uploads\/2013\/03\/g\u00fcnter-232x300.jpg 232w\" sizes=\"auto, (max-width: 346px) 100vw, 346px\" \/><strong>1. Vorstand \u00a0 \u00a0 \u00a0 \u00a0\u00a0\u00a0 \u00a0 \u00a0 \u00a0\u00a0 2. Vorstand<\/strong><\/p>\n<p style=\"text-align: center;\">G\u00fcnter Gr\u00fcnthanner\u00a0\u00a0\u00a0\u00a0\u00a0\u00a0 Artur Schramm<\/p>\n<hr \/>\n<p style=\"text-align: center;\"><strong>2016<\/strong><\/p>\n<p style=\"text-align: center;\"><img loading=\"lazy\" decoding=\"async\" class=\" wp-image-439 aligncenter\" src=\"https:\/\/www.fischereiverein-schnaittach.de\/wp-content\/uploads\/2013\/03\/g\u00fcnter.jpg\" alt=\"\" width=\"343\" height=\"443\" srcset=\"https:\/\/www.fischereiverein-schnaittach.de\/wp-content\/uploads\/2013\/03\/g\u00fcnter.jpg 382w, https:\/\/www.fischereiverein-schnaittach.de\/wp-content\/uploads\/2013\/03\/g\u00fcnter-232x300.jpg 232w\" sizes=\"auto, (max-width: 343px) 100vw, 343px\" \/><strong>1. Vorstand \u00a0 \u00a0 \u00a0 \u00a0 \u00a0\u00a0 \u00a0 \u00a0 \u00a0 \u00a0\u00a0 2. Vorstand<\/strong><\/p>\n<p style=\"text-align: center;\">G\u00fcnter Gr\u00fcnthanner \u00a0 \u00a0 \u00a0\u00a0 Rainer Falkner<\/p>\n<hr \/>\n<p style=\"text-align: center;\"><strong>2018<\/strong><\/p>\n<p style=\"text-align: center;\"><a href=\"https:\/\/www.fischereiverein-schnaittach.de\/wp-content\/uploads\/2013\/03\/g\u00fcnter.jpg\"><img loading=\"lazy\" decoding=\"async\" class=\"alignnone  wp-image-439\" src=\"https:\/\/www.fischereiverein-schnaittach.de\/wp-content\/uploads\/2013\/03\/g\u00fcnter.jpg\" alt=\"\" width=\"351\" height=\"453\" srcset=\"https:\/\/www.fischereiverein-schnaittach.de\/wp-content\/uploads\/2013\/03\/g\u00fcnter.jpg 382w, https:\/\/www.fischereiverein-schnaittach.de\/wp-content\/uploads\/2013\/03\/g\u00fcnter-232x300.jpg 232w\" sizes=\"auto, (max-width: 351px) 100vw, 351px\" \/><\/a><\/p>\n<p style=\"text-align: center;\"><strong>1. Vorstand \u00a0 \u00a0 \u00a0 \u00a0 \u00a0 \u00a0 \u00a0\u00a0 \u00a0 \u00a0\u00a0 2. Vorstand<\/strong><\/p>\n<p style=\"text-align: center;\">G\u00fcnter Gr\u00fcnthanner \u00a0 \u00a0 \u00a0 \u00a0 Mario Wendenburg<\/p>\n<hr \/>\n<p style=\"text-align: center;\"><strong>2020<\/strong><\/p>\n<p style=\"text-align: center;\"><img loading=\"lazy\" decoding=\"async\" class=\"wp-image-1898 aligncenter\" src=\"https:\/\/www.fischereiverein-schnaittach.de\/wp-content\/uploads\/2020\/10\/Thomas-Winter.jpg\" alt=\"\" width=\"368\" height=\"491\" srcset=\"https:\/\/www.fischereiverein-schnaittach.de\/wp-content\/uploads\/2020\/10\/Thomas-Winter.jpg 720w, https:\/\/www.fischereiverein-schnaittach.de\/wp-content\/uploads\/2020\/10\/Thomas-Winter-225x300.jpg 225w\" sizes=\"auto, (max-width: 368px) 100vw, 368px\" \/><strong>1. Vorstand \u00a0 \u00a0 \u00a0 \u00a0 \u00a0 \u00a0 \u00a0 \u00a0 \u00a0\u00a0 2. Vorstand<\/strong><\/p>\n<p style=\"text-align: center;\">Thomas Winter \u00a0 \u00a0 \u00a0 \u00a0 \u00a0\u00a0 Horst Schweidler<\/p>\n<hr \/>\n<p style=\"text-align: center;\">2024<\/p>\n<p>&nbsp;<\/p>\n<p>&nbsp;<\/p>\n<p>&nbsp;<\/p>\n<p>&nbsp;<\/p>\n<p>&nbsp;<\/p>\n<p>&nbsp;<\/p>\n<p style=\"text-align: center;\"><strong>1. Vorstand \u00a0 \u00a0 \u00a0 \u00a0 \u00a0 \u00a0 \u00a0\u00a0 2. Vorstand<\/strong><\/p>\n<p style=\"text-align: center;\">Uwe Karger\u00a0 \u00a0 \u00a0\u00a0 \u00a0 \u00a0 \u00a0\u00a0 Walther Rijavec<\/p>\n<hr \/>\n<p>&nbsp;<\/p>\n","protected":false},"excerpt":{"rendered":"<p>Unser Verein wurde 1976 gegr\u00fcndet. Die Vereinsgeschichte fasst die Festrede des ersten Vorstands anl\u00e4sslich der 25-Jahrfeier hervorragend zusammen. Chronik zur 25 Jahrfeier Chronik zur 30 Jahrfeier Chronik zur 35 Jahrfeier 1976 Vereinsgr\u00fcndung, Gr\u00fcndungsmitglieder: Bernhard Trautner, Walter Schwetz, Reinhold Kolschefski, Konrad &hellip; <a href=\"https:\/\/www.fischereiverein-schnaittach.de\/?page_id=23\">Weiterlesen <span class=\"meta-nav\">&rarr;<\/span><\/a><\/p>\n","protected":false},"author":1,"featured_media":439,"parent":0,"menu_order":0,"comment_status":"closed","ping_status":"closed","template":"","meta":{"footnotes":""},"class_list":["post-23","page","type-page","status-publish","has-post-thumbnail","hentry"],"_links":{"self":[{"href":"https:\/\/www.fischereiverein-schnaittach.de\/index.php?rest_route=\/wp\/v2\/pages\/23","targetHints":{"allow":["GET"]}}],"collection":[{"href":"https:\/\/www.fischereiverein-schnaittach.de\/index.php?rest_route=\/wp\/v2\/pages"}],"about":[{"href":"https:\/\/www.fischereiverein-schnaittach.de\/index.php?rest_route=\/wp\/v2\/types\/page"}],"author":[{"embeddable":true,"href":"https:\/\/www.fischereiverein-schnaittach.de\/index.php?rest_route=\/wp\/v2\/users\/1"}],"replies":[{"embeddable":true,"href":"https:\/\/www.fischereiverein-schnaittach.de\/index.php?rest_route=%2Fwp%2Fv2%2Fcomments&post=23"}],"version-history":[{"count":51,"href":"https:\/\/www.fischereiverein-schnaittach.de\/index.php?rest_route=\/wp\/v2\/pages\/23\/revisions"}],"predecessor-version":[{"id":2277,"href":"https:\/\/www.fischereiverein-schnaittach.de\/index.php?rest_route=\/wp\/v2\/pages\/23\/revisions\/2277"}],"wp:featuredmedia":[{"embeddable":true,"href":"https:\/\/www.fischereiverein-schnaittach.de\/index.php?rest_route=\/wp\/v2\/media\/439"}],"wp:attachment":[{"href":"https:\/\/www.fischereiverein-schnaittach.de\/index.php?rest_route=%2Fwp%2Fv2%2Fmedia&parent=23"}],"curies":[{"name":"wp","href":"https:\/\/api.w.org\/{rel}","templated":true}]}}