{"id":21,"date":"2013-03-10T09:56:41","date_gmt":"2013-03-10T08:56:41","guid":{"rendered":"http:\/\/fischereiverein.flyingfilms4companys.com\/?page_id=21"},"modified":"2026-01-03T12:19:27","modified_gmt":"2026-01-03T11:19:27","slug":"termine","status":"publish","type":"page","link":"https:\/\/www.fischereiverein-schnaittach.de\/?page_id=21","title":{"rendered":"Termine"},"content":{"rendered":"<p><strong>Termine 2026<\/strong><\/p>\n<hr \/>\n<p>Liebe Mitglieder, die Verwaltung unseres Vereins hat sich Gedanken \u00fcber das Jahresprogramm f\u00fcr das kommende Jahr gemacht. Aufgrund der derzeitigen Situation und unseren Erfahrungen in diesem Jahr, sind diese Termine nur vorl\u00e4ufig. Bitte verfolgt das Vereinsgeschehen \u00fcber unsere Medien (die neue Angelroute App,\u00a0 Internetseite, Facebook), damit Ihr immer auf dem Laufenden bleibt. Nat\u00fcrlich sind unsere monatlichen Versammlungen, wenn Sie stattfinden k\u00f6nnen unersetzlich. Hier kommen wir zusammen, um \u00fcber alle Belange unseres Vereins zu berichten und uns auszutauschen. \u00dcber Ideen Eurerseits sind wir sehr offen und dankbar \u00fcber jede Reaktion. Dies k\u00f6nnt ihr gerne \u00fcber Mail: verein@fischereinverein-schnaittachtal.de oder telefonisch unter 01726993456 tun.<\/p>\n<blockquote>\n<p><strong>Hier unsere \u201evorl\u00e4ufigen Termine\u201c<br \/><\/strong><\/p>\n<\/blockquote>\n\n<div class=\"wp-block-calendar\"><table id=\"wp-calendar\" class=\"wp-calendar-table\">\n\t<caption>April 2026<\/caption>\n\t<thead>\n\t<tr>\n\t\t<th scope=\"col\" aria-label=\"Montag\">M<\/th>\n\t\t<th scope=\"col\" aria-label=\"Dienstag\">D<\/th>\n\t\t<th scope=\"col\" aria-label=\"Mittwoch\">M<\/th>\n\t\t<th scope=\"col\" aria-label=\"Donnerstag\">D<\/th>\n\t\t<th scope=\"col\" aria-label=\"Freitag\">F<\/th>\n\t\t<th scope=\"col\" aria-label=\"Samstag\">S<\/th>\n\t\t<th scope=\"col\" aria-label=\"Sonntag\">S<\/th>\n\t<\/tr>\n\t<\/thead>\n\t<tbody>\n\t<tr>\n\t\t<td colspan=\"2\" class=\"pad\">&nbsp;<\/td><td>1<\/td><td>2<\/td><td>3<\/td><td id=\"today\">4<\/td><td>5<\/td>\n\t<\/tr>\n\t<tr>\n\t\t<td>6<\/td><td>7<\/td><td>8<\/td><td>9<\/td><td>10<\/td><td>11<\/td><td>12<\/td>\n\t<\/tr>\n\t<tr>\n\t\t<td>13<\/td><td>14<\/td><td>15<\/td><td>16<\/td><td>17<\/td><td>18<\/td><td>19<\/td>\n\t<\/tr>\n\t<tr>\n\t\t<td>20<\/td><td>21<\/td><td>22<\/td><td>23<\/td><td>24<\/td><td>25<\/td><td>26<\/td>\n\t<\/tr>\n\t<tr>\n\t\t<td>27<\/td><td>28<\/td><td>29<\/td><td>30<\/td>\n\t\t<td class=\"pad\" colspan=\"3\">&nbsp;<\/td>\n\t<\/tr>\n\t<\/tbody>\n\t<\/table><nav aria-label=\"Vorherige und n\u00e4chste Monate\" class=\"wp-calendar-nav\">\n\t\t<span class=\"wp-calendar-nav-prev\"><a href=\"https:\/\/www.fischereiverein-schnaittach.de\/?m=202310\">&laquo; Okt.<\/a><\/span>\n\t\t<span class=\"pad\">&nbsp;<\/span>\n\t\t<span class=\"wp-calendar-nav-next\">&nbsp;<\/span>\n\t<\/nav><\/div>\n\n\n<p><\/p>\n\n\n\n<p><strong>Januar<\/strong><\/p>\n\n\n\n<p><strong>2&nbsp;&nbsp;&nbsp;&nbsp;&nbsp;&nbsp; Monatsversammlung Sportheim Hedersdorf 20Uhr<\/strong><\/p>\n\n\n\n<p><strong>3&nbsp;&nbsp;&nbsp;&nbsp;&nbsp;&nbsp; Arbeitsdienst Treffpunkt 8 Uhr Au<\/strong><\/p>\n\n\n\n<p><strong>13&nbsp;&nbsp;&nbsp;&nbsp; Verwaltungssitzung<\/strong><\/p>\n\n\n\n<p><strong>17&nbsp;&nbsp;&nbsp;&nbsp; Messefahrt Augsburg Jugend<\/strong><\/p>\n\n\n\n<p><strong>Februar<\/strong><\/p>\n\n\n\n<p><strong>6&nbsp;&nbsp;&nbsp;&nbsp;&nbsp; Monatsversammlung Sportheim Hedersdorf 20 Uhr<\/strong><\/p>\n\n\n\n<p><strong>7&nbsp;&nbsp;&nbsp;&nbsp;&nbsp; Arbeitsdienst Treffpunkt 8 Uhr Au<\/strong><\/p>\n\n\n\n<p><strong>7&nbsp;&nbsp;&nbsp;&nbsp;&nbsp; Jugendausflug Erdinger Therme<\/strong><\/p>\n\n\n\n<p><strong>17&nbsp;&nbsp;&nbsp;&nbsp; Verwaltungssitzung<\/strong><\/p>\n\n\n\n<p><strong>M\u00e4rz<\/strong><\/p>\n\n\n\n<p><strong>6&nbsp;&nbsp;&nbsp;&nbsp;&nbsp; M\u00e4rz Jahreshauptversammlung Sportheim Hedersdorf 20 Uhr<\/strong><\/p>\n\n\n\n<p><strong>7&nbsp;&nbsp;&nbsp;&nbsp;&nbsp; M\u00e4rz Arbeitsdienst Treffpunkt 8 Uhr Au<\/strong><\/p>\n\n\n\n<p><strong>17&nbsp;&nbsp;&nbsp; Verwaltungssitzung<\/strong><\/p>\n\n\n\n<p><strong>April<\/strong><\/p>\n\n\n\n<p><strong>4&nbsp;&nbsp;&nbsp;&nbsp;&nbsp;&nbsp; Arbeitsdienst Treffpunkt 7 Uhr Au<\/strong><\/p>\n\n\n\n<p><strong>10&nbsp;&nbsp;&nbsp;&nbsp; Monatsversammlung Sportheim Hedersdorf 20 Uhr<\/strong><\/p>\n\n\n\n<p><strong>21&nbsp;&nbsp;&nbsp;&nbsp;&nbsp; Verwaltungssitzung<\/strong><\/p>\n\n\n\n<p><strong>25&nbsp;&nbsp;&nbsp;&nbsp;&nbsp; Anfischen B\u00fcrgerweiher 13-18 Uhr<\/strong><\/p>\n\n\n\n<p><strong>Mai<\/strong><\/p>\n\n\n\n<p><strong>2&nbsp;&nbsp;&nbsp;&nbsp;&nbsp;&nbsp;&nbsp; Arbeitsdienst Treffpunkt 7 Uhr Au<\/strong><\/p>\n\n\n\n<p><strong>2&nbsp;&nbsp;&nbsp;&nbsp;&nbsp;&nbsp; Inklusionsfischen Verband auf dem Augel\u00e4nde<\/strong><\/p>\n\n\n\n<p><strong>8&nbsp;&nbsp;&nbsp;&nbsp;&nbsp;&nbsp; Monatsversammlung Sportheim Hedersdorf 20 Uhr<\/strong><\/p>\n\n\n\n<p><strong>9&nbsp;&nbsp;&nbsp;&nbsp;&nbsp;&nbsp; Tag der Jugend B\u00fcrgerweiher<\/strong><\/p>\n\n\n\n<p><strong>19&nbsp;&nbsp;&nbsp;&nbsp;&nbsp; Verwaltungssitzung<\/strong><\/p>\n\n\n\n<p><strong>Juni<\/strong><\/p>\n\n\n\n<p><strong>5&nbsp;&nbsp;&nbsp;&nbsp;&nbsp;&nbsp;&nbsp; Monatsversammlung Sportheim Hedersdorf 20 Uhr<\/strong><\/p>\n\n\n\n<p><strong>6&nbsp;&nbsp;&nbsp;&nbsp;&nbsp;&nbsp;&nbsp; Arbeitsdienst Treffpunkt 7 Uhr Au<\/strong><\/p>\n\n\n\n<p><strong>12-14&nbsp;&nbsp;&nbsp;&nbsp;&nbsp;&nbsp; Zeltlager Jugend in Stockheim<\/strong><\/p>\n\n\n\n<p><strong>16&nbsp;&nbsp;&nbsp;&nbsp;&nbsp;&nbsp; Verwaltungssitzung<\/strong><\/p>\n\n\n\n<p><strong>20-21&nbsp; Pokalfischen H\u00f6llweiher Samstag 15 Uhr bis Sonntag 11 Uhr<\/strong><\/p>\n\n\n\n<p><strong>Juli<\/strong><\/p>\n\n\n\n<p><strong>3&nbsp;&nbsp;&nbsp;&nbsp;&nbsp;&nbsp;&nbsp; Monatsversammlung Sportheim Hedersdorf 20 Uhr<\/strong><\/p>\n\n\n\n<p><strong>4 &nbsp;&nbsp;&nbsp;&nbsp;&nbsp;&nbsp;&nbsp;&nbsp;Arbeitsdienst Treffpunkt 7 Uhr Au<\/strong><\/p>\n\n\n\n<p><strong>14&nbsp;&nbsp;&nbsp;&nbsp;&nbsp;&nbsp; Verwaltungssitzung<\/strong><\/p>\n\n\n\n<p><strong>18&nbsp;&nbsp;&nbsp;&nbsp;&nbsp;&nbsp; Weiherfest<\/strong><\/p>\n\n\n\n<p><strong>24-26&nbsp; Jugendzeltlager Augel\u00e4nde<\/strong><\/p>\n\n\n\n<p><strong>August<\/strong><\/p>\n\n\n\n<p><strong>1&nbsp;&nbsp;&nbsp;&nbsp;&nbsp;&nbsp;&nbsp;&nbsp; Arbeitsdienst Treffpunkt 7 Uhr Au<\/strong><\/p>\n\n\n\n<p><strong>September<\/strong><\/p>\n\n\n\n<p><strong>4&nbsp;&nbsp;&nbsp;&nbsp;&nbsp;&nbsp;&nbsp;&nbsp;&nbsp;&nbsp; Monatsversammlung Sportheim Hedersdorf 20 Uhr<\/strong><\/p>\n\n\n\n<p><strong>5&nbsp;&nbsp;&nbsp;&nbsp;&nbsp;&nbsp;&nbsp;&nbsp;&nbsp;&nbsp; Arbeitsdienst Treffpunkt 7 Uhr Au<\/strong><\/p>\n\n\n\n<p><strong>15&nbsp;&nbsp;&nbsp;&nbsp;&nbsp;&nbsp;&nbsp;&nbsp; Verwaltungssitzung<\/strong><\/p>\n\n\n\n<p><strong>27&nbsp;&nbsp;&nbsp;&nbsp;&nbsp;&nbsp;&nbsp;&nbsp; K\u00f6nigsfischen&nbsp; 6-11 Uhr Augel\u00e4nde<\/strong><\/p>\n\n\n\n<p><strong>Oktober<\/strong><\/p>\n\n\n\n<p><strong>2&nbsp;&nbsp;&nbsp;&nbsp;&nbsp;&nbsp;&nbsp;&nbsp;&nbsp;&nbsp; Monatsversammlung Sportheim Hedersdorf 20 Uhr<\/strong><\/p>\n\n\n\n<p><strong>10&nbsp;&nbsp;&nbsp;&nbsp;&nbsp;&nbsp;&nbsp;&nbsp; Arbeitsdienst Treffpunkt 7 Uhr Au<\/strong><\/p>\n\n\n\n<p><strong>13&nbsp;&nbsp;&nbsp;&nbsp;&nbsp;&nbsp;&nbsp;&nbsp; Verwaltungssitzung<\/strong><\/p>\n\n\n\n<p><strong>November<\/strong><\/p>\n\n\n\n<p><strong>6&nbsp;&nbsp;&nbsp;&nbsp;&nbsp;&nbsp;&nbsp;&nbsp;&nbsp;&nbsp;&nbsp; Monatsversammlung Sportheim Hedersdorf 20 Uhr<\/strong><\/p>\n\n\n\n<p><strong>7&nbsp;&nbsp;&nbsp;&nbsp;&nbsp;&nbsp;&nbsp;&nbsp;&nbsp;&nbsp;&nbsp; Arbeitsdienst Treffpunkt 8 Uhr Au<\/strong><\/p>\n\n\n\n<p><strong>17&nbsp;&nbsp;&nbsp;&nbsp;&nbsp;&nbsp;&nbsp;&nbsp;&nbsp; Verwaltungssitzung<\/strong><\/p>\n\n\n\n<p><strong>27&nbsp;&nbsp;&nbsp;&nbsp;&nbsp;&nbsp;&nbsp;&nbsp;&nbsp; Monatsversammlung DEZEMBER Sportheim Hedersdorf 20 Uhr<\/strong><\/p>\n\n\n\n<p><strong>28&nbsp;&nbsp;&nbsp;&nbsp;&nbsp;&nbsp;&nbsp;&nbsp;&nbsp; Arbeitsdienst DEZEMBER Treffpunkt 8 Uhr Au<\/strong><\/p>\n\n\n\n<p><strong>Dezember<\/strong><\/p>\n\n\n\n<p><strong>5&nbsp;&nbsp;&nbsp;&nbsp;&nbsp;&nbsp;&nbsp;&nbsp;&nbsp;&nbsp;&nbsp; Weihnachts- und K\u00f6nigsfeier<\/strong><\/p>\n\n\n\n<p><strong>&nbsp;&nbsp;&nbsp;&nbsp;&nbsp;&nbsp;&nbsp;&nbsp;&nbsp;&nbsp;&nbsp;&nbsp;&nbsp; Berggasthof Glatzenstein, Wei\u00dfennohe&nbsp; Einlass 18 Uhr Beginn 19 Uhr<\/strong><\/p>\n\n\n\n<p><strong>15&nbsp;&nbsp;&nbsp;&nbsp;&nbsp;&nbsp;&nbsp;&nbsp;&nbsp; Verwaltungssitzung<\/strong><\/p>\n","protected":false},"excerpt":{"rendered":"<p>Termine 2026 Liebe Mitglieder, die Verwaltung unseres Vereins hat sich Gedanken \u00fcber das Jahresprogramm f\u00fcr das kommende Jahr gemacht. Aufgrund der derzeitigen Situation und unseren Erfahrungen in diesem Jahr, sind diese Termine nur vorl\u00e4ufig. Bitte verfolgt das Vereinsgeschehen \u00fcber unsere &hellip; <a href=\"https:\/\/www.fischereiverein-schnaittach.de\/?page_id=21\">Weiterlesen <span class=\"meta-nav\">&rarr;<\/span><\/a><\/p>\n","protected":false},"author":1,"featured_media":0,"parent":0,"menu_order":0,"comment_status":"closed","ping_status":"closed","template":"","meta":{"footnotes":""},"class_list":["post-21","page","type-page","status-publish","hentry"],"_links":{"self":[{"href":"https:\/\/www.fischereiverein-schnaittach.de\/index.php?rest_route=\/wp\/v2\/pages\/21","targetHints":{"allow":["GET"]}}],"collection":[{"href":"https:\/\/www.fischereiverein-schnaittach.de\/index.php?rest_route=\/wp\/v2\/pages"}],"about":[{"href":"https:\/\/www.fischereiverein-schnaittach.de\/index.php?rest_route=\/wp\/v2\/types\/page"}],"author":[{"embeddable":true,"href":"https:\/\/www.fischereiverein-schnaittach.de\/index.php?rest_route=\/wp\/v2\/users\/1"}],"replies":[{"embeddable":true,"href":"https:\/\/www.fischereiverein-schnaittach.de\/index.php?rest_route=%2Fwp%2Fv2%2Fcomments&post=21"}],"version-history":[{"count":88,"href":"https:\/\/www.fischereiverein-schnaittach.de\/index.php?rest_route=\/wp\/v2\/pages\/21\/revisions"}],"predecessor-version":[{"id":2335,"href":"https:\/\/www.fischereiverein-schnaittach.de\/index.php?rest_route=\/wp\/v2\/pages\/21\/revisions\/2335"}],"wp:attachment":[{"href":"https:\/\/www.fischereiverein-schnaittach.de\/index.php?rest_route=%2Fwp%2Fv2%2Fmedia&parent=21"}],"curies":[{"name":"wp","href":"https:\/\/api.w.org\/{rel}","templated":true}]}}