{"id":13,"date":"2013-02-25T15:40:29","date_gmt":"2013-02-25T14:40:29","guid":{"rendered":"http:\/\/fischereiverein.flyingfilms4companys.com\/?page_id=13"},"modified":"2026-01-03T10:59:50","modified_gmt":"2026-01-03T09:59:50","slug":"gewasser","status":"publish","type":"page","link":"https:\/\/www.fischereiverein-schnaittach.de\/?page_id=13","title":{"rendered":"Unsere Gew\u00e4sser"},"content":{"rendered":"<p><strong>Dreh- und Angelpunkt des Vereinslebens sind unsere Vereinsgew\u00e4sser.<\/strong><br \/>Dazu geh\u00f6rt der gro\u00dfe H\u00f6llweiher in Simonshofen, die zwei H\u00f6flaser Weiher, der B\u00fcrgerweiher, die Laipersdorfer Weiher, die Au Weiher, sowie als Flie\u00dfgew\u00e4sser die Schnaittach, R\u00f6ttenbach, Sittenbach und den Osternoher Bach<\/p>\n<hr \/>\n<h4><strong>Laipersdorfer Weiher:<\/strong><\/h4>\n<p><a href=\"https:\/\/www.fischereiverein-schnaittach.de\/wp-content\/uploads\/2020\/10\/9407B1F4-2B2B-480E-968D-89B8B83BDF6C-scaled.jpg\"><img loading=\"lazy\" decoding=\"async\" class=\" wp-image-1918\" src=\"https:\/\/www.fischereiverein-schnaittach.de\/wp-content\/uploads\/2020\/10\/9407B1F4-2B2B-480E-968D-89B8B83BDF6C-scaled.jpg\" alt=\"\" width=\"594\" height=\"334\" srcset=\"https:\/\/www.fischereiverein-schnaittach.de\/wp-content\/uploads\/2020\/10\/9407B1F4-2B2B-480E-968D-89B8B83BDF6C-scaled.jpg 2560w, https:\/\/www.fischereiverein-schnaittach.de\/wp-content\/uploads\/2020\/10\/9407B1F4-2B2B-480E-968D-89B8B83BDF6C-300x169.jpg 300w, https:\/\/www.fischereiverein-schnaittach.de\/wp-content\/uploads\/2020\/10\/9407B1F4-2B2B-480E-968D-89B8B83BDF6C-1024x576.jpg 1024w, https:\/\/www.fischereiverein-schnaittach.de\/wp-content\/uploads\/2020\/10\/9407B1F4-2B2B-480E-968D-89B8B83BDF6C-768x432.jpg 768w, https:\/\/www.fischereiverein-schnaittach.de\/wp-content\/uploads\/2020\/10\/9407B1F4-2B2B-480E-968D-89B8B83BDF6C-1536x864.jpg 1536w, https:\/\/www.fischereiverein-schnaittach.de\/wp-content\/uploads\/2020\/10\/9407B1F4-2B2B-480E-968D-89B8B83BDF6C-2048x1152.jpg 2048w, https:\/\/www.fischereiverein-schnaittach.de\/wp-content\/uploads\/2020\/10\/9407B1F4-2B2B-480E-968D-89B8B83BDF6C-500x281.jpg 500w\" sizes=\"auto, (max-width: 594px) 100vw, 594px\" \/><\/a><\/p>\n\n\n<figure class=\"wp-block-gallery has-nested-images columns-default is-cropped wp-block-gallery-1 is-layout-flex wp-block-gallery-is-layout-flex\">\n<figure class=\"wp-block-image size-large\"><img loading=\"lazy\" decoding=\"async\" width=\"1024\" height=\"682\" data-id=\"802\" src=\"https:\/\/www.fischereiverein-schnaittach.de\/wp-content\/uploads\/2013\/02\/laipersdorf2-1024x682.jpg\" alt=\"\" class=\"wp-image-802\" srcset=\"https:\/\/www.fischereiverein-schnaittach.de\/wp-content\/uploads\/2013\/02\/laipersdorf2-1024x682.jpg 1024w, https:\/\/www.fischereiverein-schnaittach.de\/wp-content\/uploads\/2013\/02\/laipersdorf2-300x199.jpg 300w, https:\/\/www.fischereiverein-schnaittach.de\/wp-content\/uploads\/2013\/02\/laipersdorf2-450x300.jpg 450w, https:\/\/www.fischereiverein-schnaittach.de\/wp-content\/uploads\/2013\/02\/laipersdorf2.jpg 2000w\" sizes=\"auto, (max-width: 1024px) 100vw, 1024px\" \/><figcaption class=\"wp-element-caption\">Laipersdorf 6 (L6)<\/figcaption><\/figure>\n\n\n\n<figure class=\"wp-block-image size-large\"><img loading=\"lazy\" decoding=\"async\" width=\"1024\" height=\"682\" data-id=\"801\" src=\"https:\/\/www.fischereiverein-schnaittach.de\/wp-content\/uploads\/2013\/02\/laipersdorf1-1024x682.jpg\" alt=\"\" class=\"wp-image-801\" srcset=\"https:\/\/www.fischereiverein-schnaittach.de\/wp-content\/uploads\/2013\/02\/laipersdorf1-1024x682.jpg 1024w, https:\/\/www.fischereiverein-schnaittach.de\/wp-content\/uploads\/2013\/02\/laipersdorf1-300x199.jpg 300w, https:\/\/www.fischereiverein-schnaittach.de\/wp-content\/uploads\/2013\/02\/laipersdorf1-450x300.jpg 450w, https:\/\/www.fischereiverein-schnaittach.de\/wp-content\/uploads\/2013\/02\/laipersdorf1.jpg 2000w\" sizes=\"auto, (max-width: 1024px) 100vw, 1024px\" \/><figcaption class=\"wp-element-caption\">Laipersdorf 3 (L3)<\/figcaption><\/figure>\n<\/figure>\n\n\n<hr \/>\n<h4><strong>H\u00f6llweiher Simonshofen:<\/strong><\/h4>\n<p>Hier sind f\u00fcr Gastangler Tageskarten verf\u00fcgbar<\/p>\n\n\n<figure class=\"wp-block-image size-large is-resized\"><img loading=\"lazy\" decoding=\"async\" width=\"1024\" height=\"576\" src=\"https:\/\/www.fischereiverein-schnaittach.de\/wp-content\/uploads\/2020\/10\/F1820546-75DC-4F99-978F-08212036594D-1024x576.jpg\" alt=\"\" class=\"wp-image-1920\" style=\"width:601px;height:338px\" srcset=\"https:\/\/www.fischereiverein-schnaittach.de\/wp-content\/uploads\/2020\/10\/F1820546-75DC-4F99-978F-08212036594D-1024x576.jpg 1024w, https:\/\/www.fischereiverein-schnaittach.de\/wp-content\/uploads\/2020\/10\/F1820546-75DC-4F99-978F-08212036594D-300x169.jpg 300w, https:\/\/www.fischereiverein-schnaittach.de\/wp-content\/uploads\/2020\/10\/F1820546-75DC-4F99-978F-08212036594D-768x432.jpg 768w, https:\/\/www.fischereiverein-schnaittach.de\/wp-content\/uploads\/2020\/10\/F1820546-75DC-4F99-978F-08212036594D-1536x864.jpg 1536w, https:\/\/www.fischereiverein-schnaittach.de\/wp-content\/uploads\/2020\/10\/F1820546-75DC-4F99-978F-08212036594D-2048x1152.jpg 2048w, https:\/\/www.fischereiverein-schnaittach.de\/wp-content\/uploads\/2020\/10\/F1820546-75DC-4F99-978F-08212036594D-500x281.jpg 500w\" sizes=\"auto, (max-width: 1024px) 100vw, 1024px\" \/><\/figure>\n\n\n\n<figure class=\"wp-block-gallery has-nested-images columns-default is-cropped wp-block-gallery-2 is-layout-flex wp-block-gallery-is-layout-flex\">\n<figure class=\"wp-block-image size-large\"><img loading=\"lazy\" decoding=\"async\" width=\"1024\" height=\"682\" data-id=\"800\" src=\"https:\/\/www.fischereiverein-schnaittach.de\/wp-content\/uploads\/2013\/02\/ho\u0308ll-weiher-1024x682.jpg\" alt=\"\" class=\"wp-image-800\" srcset=\"https:\/\/www.fischereiverein-schnaittach.de\/wp-content\/uploads\/2013\/02\/ho\u0308ll-weiher-1024x682.jpg 1024w, https:\/\/www.fischereiverein-schnaittach.de\/wp-content\/uploads\/2013\/02\/ho\u0308ll-weiher-300x199.jpg 300w, https:\/\/www.fischereiverein-schnaittach.de\/wp-content\/uploads\/2013\/02\/ho\u0308ll-weiher-450x300.jpg 450w, https:\/\/www.fischereiverein-schnaittach.de\/wp-content\/uploads\/2013\/02\/ho\u0308ll-weiher.jpg 2000w\" sizes=\"auto, (max-width: 1024px) 100vw, 1024px\" \/><\/figure>\n\n\n\n<figure class=\"wp-block-image size-large\"><img loading=\"lazy\" decoding=\"async\" width=\"500\" height=\"500\" data-id=\"1921\" src=\"https:\/\/www.fischereiverein-schnaittach.de\/wp-content\/uploads\/2020\/10\/Anfahrt-H\u00f6llweiher.png\" alt=\"\" class=\"wp-image-1921\" srcset=\"https:\/\/www.fischereiverein-schnaittach.de\/wp-content\/uploads\/2020\/10\/Anfahrt-H\u00f6llweiher.png 500w, https:\/\/www.fischereiverein-schnaittach.de\/wp-content\/uploads\/2020\/10\/Anfahrt-H\u00f6llweiher-300x300.png 300w, https:\/\/www.fischereiverein-schnaittach.de\/wp-content\/uploads\/2020\/10\/Anfahrt-H\u00f6llweiher-150x150.png 150w\" sizes=\"auto, (max-width: 500px) 100vw, 500px\" \/><figcaption class=\"wp-element-caption\">https:\/\/www.castamap.de\/<\/figcaption><\/figure>\n<\/figure>\n\n\n<hr>\n<h4><strong>B\u00fcrgerweiher:<\/strong><\/h4>\n<p>Auch f\u00fcr diesen Weiher sind Tageskarten verf\u00fcgbar<\/p>\n\n\n<figure class=\"wp-block-image size-large is-resized\"><img loading=\"lazy\" decoding=\"async\" width=\"1024\" height=\"576\" src=\"https:\/\/www.fischereiverein-schnaittach.de\/wp-content\/uploads\/2020\/10\/E1F9070D-72E4-47C2-B3D6-29E6CC49AAF7-1024x576.jpg\" alt=\"\" class=\"wp-image-1926\" style=\"width:626px;height:352px\" srcset=\"https:\/\/www.fischereiverein-schnaittach.de\/wp-content\/uploads\/2020\/10\/E1F9070D-72E4-47C2-B3D6-29E6CC49AAF7-1024x576.jpg 1024w, https:\/\/www.fischereiverein-schnaittach.de\/wp-content\/uploads\/2020\/10\/E1F9070D-72E4-47C2-B3D6-29E6CC49AAF7-300x169.jpg 300w, https:\/\/www.fischereiverein-schnaittach.de\/wp-content\/uploads\/2020\/10\/E1F9070D-72E4-47C2-B3D6-29E6CC49AAF7-768x432.jpg 768w, https:\/\/www.fischereiverein-schnaittach.de\/wp-content\/uploads\/2020\/10\/E1F9070D-72E4-47C2-B3D6-29E6CC49AAF7-1536x864.jpg 1536w, https:\/\/www.fischereiverein-schnaittach.de\/wp-content\/uploads\/2020\/10\/E1F9070D-72E4-47C2-B3D6-29E6CC49AAF7-2048x1152.jpg 2048w, https:\/\/www.fischereiverein-schnaittach.de\/wp-content\/uploads\/2020\/10\/E1F9070D-72E4-47C2-B3D6-29E6CC49AAF7-500x281.jpg 500w\" sizes=\"auto, (max-width: 1024px) 100vw, 1024px\" \/><\/figure>\n\n\n\n<figure class=\"wp-block-gallery has-nested-images columns-default is-cropped wp-block-gallery-3 is-layout-flex wp-block-gallery-is-layout-flex\">\n<figure class=\"wp-block-image size-large\"><img loading=\"lazy\" decoding=\"async\" width=\"1024\" height=\"682\" data-id=\"795\" src=\"https:\/\/www.fischereiverein-schnaittach.de\/wp-content\/uploads\/2013\/02\/bu\u0308rgerweiher-schnaittach-1024x682.jpg\" alt=\"\" class=\"wp-image-795\" srcset=\"https:\/\/www.fischereiverein-schnaittach.de\/wp-content\/uploads\/2013\/02\/bu\u0308rgerweiher-schnaittach-1024x682.jpg 1024w, https:\/\/www.fischereiverein-schnaittach.de\/wp-content\/uploads\/2013\/02\/bu\u0308rgerweiher-schnaittach-300x199.jpg 300w, https:\/\/www.fischereiverein-schnaittach.de\/wp-content\/uploads\/2013\/02\/bu\u0308rgerweiher-schnaittach-450x300.jpg 450w, https:\/\/www.fischereiverein-schnaittach.de\/wp-content\/uploads\/2013\/02\/bu\u0308rgerweiher-schnaittach.jpg 2000w\" sizes=\"auto, (max-width: 1024px) 100vw, 1024px\" \/><\/figure>\n\n\n\n<figure class=\"wp-block-image size-large\"><img loading=\"lazy\" decoding=\"async\" width=\"394\" height=\"394\" data-id=\"1925\" src=\"https:\/\/www.fischereiverein-schnaittach.de\/wp-content\/uploads\/2020\/10\/Anfahrt-B\u00fcrgerweiher.png\" alt=\"\" class=\"wp-image-1925\" srcset=\"https:\/\/www.fischereiverein-schnaittach.de\/wp-content\/uploads\/2020\/10\/Anfahrt-B\u00fcrgerweiher.png 394w, https:\/\/www.fischereiverein-schnaittach.de\/wp-content\/uploads\/2020\/10\/Anfahrt-B\u00fcrgerweiher-300x300.png 300w, https:\/\/www.fischereiverein-schnaittach.de\/wp-content\/uploads\/2020\/10\/Anfahrt-B\u00fcrgerweiher-150x150.png 150w\" sizes=\"auto, (max-width: 394px) 100vw, 394px\" \/><figcaption class=\"wp-element-caption\">https:\/\/www.castamap.de\/<\/figcaption><\/figure>\n<\/figure>\n\n\n<hr>\n<h4><strong>H\u00f6flaser Weiher:<\/strong><\/h4>\n\n\n<figure class=\"wp-block-image size-large is-resized\"><img loading=\"lazy\" decoding=\"async\" width=\"1024\" height=\"576\" src=\"https:\/\/www.fischereiverein-schnaittach.de\/wp-content\/uploads\/2020\/10\/595316C9-57D5-437E-A233-C1821AE5E6A4-1024x576.jpg\" alt=\"\" class=\"wp-image-1923\" style=\"width:632px;height:355px\" srcset=\"https:\/\/www.fischereiverein-schnaittach.de\/wp-content\/uploads\/2020\/10\/595316C9-57D5-437E-A233-C1821AE5E6A4-1024x576.jpg 1024w, https:\/\/www.fischereiverein-schnaittach.de\/wp-content\/uploads\/2020\/10\/595316C9-57D5-437E-A233-C1821AE5E6A4-300x169.jpg 300w, https:\/\/www.fischereiverein-schnaittach.de\/wp-content\/uploads\/2020\/10\/595316C9-57D5-437E-A233-C1821AE5E6A4-768x432.jpg 768w, https:\/\/www.fischereiverein-schnaittach.de\/wp-content\/uploads\/2020\/10\/595316C9-57D5-437E-A233-C1821AE5E6A4-1536x864.jpg 1536w, https:\/\/www.fischereiverein-schnaittach.de\/wp-content\/uploads\/2020\/10\/595316C9-57D5-437E-A233-C1821AE5E6A4-2048x1152.jpg 2048w, https:\/\/www.fischereiverein-schnaittach.de\/wp-content\/uploads\/2020\/10\/595316C9-57D5-437E-A233-C1821AE5E6A4-500x281.jpg 500w\" sizes=\"auto, (max-width: 1024px) 100vw, 1024px\" \/><\/figure>\n\n\n\n<figure class=\"wp-block-gallery has-nested-images columns-default is-cropped wp-block-gallery-4 is-layout-flex wp-block-gallery-is-layout-flex\">\n<figure class=\"wp-block-image size-large\"><img loading=\"lazy\" decoding=\"async\" width=\"1024\" height=\"576\" data-id=\"1922\" src=\"https:\/\/www.fischereiverein-schnaittach.de\/wp-content\/uploads\/2020\/10\/01B28F27-00D4-4F76-99C9-C19849FEAEDA-1024x576.jpg\" alt=\"\" class=\"wp-image-1922\" srcset=\"https:\/\/www.fischereiverein-schnaittach.de\/wp-content\/uploads\/2020\/10\/01B28F27-00D4-4F76-99C9-C19849FEAEDA-1024x576.jpg 1024w, https:\/\/www.fischereiverein-schnaittach.de\/wp-content\/uploads\/2020\/10\/01B28F27-00D4-4F76-99C9-C19849FEAEDA-300x169.jpg 300w, https:\/\/www.fischereiverein-schnaittach.de\/wp-content\/uploads\/2020\/10\/01B28F27-00D4-4F76-99C9-C19849FEAEDA-768x432.jpg 768w, https:\/\/www.fischereiverein-schnaittach.de\/wp-content\/uploads\/2020\/10\/01B28F27-00D4-4F76-99C9-C19849FEAEDA-1536x864.jpg 1536w, https:\/\/www.fischereiverein-schnaittach.de\/wp-content\/uploads\/2020\/10\/01B28F27-00D4-4F76-99C9-C19849FEAEDA-2048x1152.jpg 2048w, https:\/\/www.fischereiverein-schnaittach.de\/wp-content\/uploads\/2020\/10\/01B28F27-00D4-4F76-99C9-C19849FEAEDA-500x281.jpg 500w\" sizes=\"auto, (max-width: 1024px) 100vw, 1024px\" \/><figcaption class=\"wp-element-caption\">H\u00f6 1<\/figcaption><\/figure>\n\n\n\n<figure class=\"wp-block-image size-large\"><img loading=\"lazy\" decoding=\"async\" width=\"1024\" height=\"682\" data-id=\"798\" src=\"https:\/\/www.fischereiverein-schnaittach.de\/wp-content\/uploads\/2013\/02\/ho\u0308flas-weiher1-1024x682.jpg\" alt=\"\" class=\"wp-image-798\" srcset=\"https:\/\/www.fischereiverein-schnaittach.de\/wp-content\/uploads\/2013\/02\/ho\u0308flas-weiher1-1024x682.jpg 1024w, https:\/\/www.fischereiverein-schnaittach.de\/wp-content\/uploads\/2013\/02\/ho\u0308flas-weiher1-300x199.jpg 300w, https:\/\/www.fischereiverein-schnaittach.de\/wp-content\/uploads\/2013\/02\/ho\u0308flas-weiher1-450x300.jpg 450w, https:\/\/www.fischereiverein-schnaittach.de\/wp-content\/uploads\/2013\/02\/ho\u0308flas-weiher1.jpg 2000w\" sizes=\"auto, (max-width: 1024px) 100vw, 1024px\" \/><figcaption class=\"wp-element-caption\">H\u00f6 1<\/figcaption><\/figure>\n<\/figure>\n\n\n\n<figure class=\"wp-block-gallery has-nested-images columns-default is-cropped wp-block-gallery-5 is-layout-flex wp-block-gallery-is-layout-flex\">\n<figure class=\"wp-block-image size-large\"><img loading=\"lazy\" decoding=\"async\" width=\"1024\" height=\"576\" data-id=\"1924\" src=\"https:\/\/www.fischereiverein-schnaittach.de\/wp-content\/uploads\/2020\/10\/CEBF607F-7DFA-42FA-893F-4DFF3DB140C9-1024x576.jpg\" alt=\"\" class=\"wp-image-1924\" srcset=\"https:\/\/www.fischereiverein-schnaittach.de\/wp-content\/uploads\/2020\/10\/CEBF607F-7DFA-42FA-893F-4DFF3DB140C9-1024x576.jpg 1024w, https:\/\/www.fischereiverein-schnaittach.de\/wp-content\/uploads\/2020\/10\/CEBF607F-7DFA-42FA-893F-4DFF3DB140C9-300x169.jpg 300w, https:\/\/www.fischereiverein-schnaittach.de\/wp-content\/uploads\/2020\/10\/CEBF607F-7DFA-42FA-893F-4DFF3DB140C9-768x432.jpg 768w, https:\/\/www.fischereiverein-schnaittach.de\/wp-content\/uploads\/2020\/10\/CEBF607F-7DFA-42FA-893F-4DFF3DB140C9-1536x864.jpg 1536w, https:\/\/www.fischereiverein-schnaittach.de\/wp-content\/uploads\/2020\/10\/CEBF607F-7DFA-42FA-893F-4DFF3DB140C9-2048x1152.jpg 2048w, https:\/\/www.fischereiverein-schnaittach.de\/wp-content\/uploads\/2020\/10\/CEBF607F-7DFA-42FA-893F-4DFF3DB140C9-500x281.jpg 500w\" sizes=\"auto, (max-width: 1024px) 100vw, 1024px\" \/><figcaption class=\"wp-element-caption\">H\u00f6 2<\/figcaption><\/figure>\n\n\n\n<figure class=\"wp-block-image size-large\"><img loading=\"lazy\" decoding=\"async\" width=\"1024\" height=\"682\" data-id=\"799\" src=\"https:\/\/www.fischereiverein-schnaittach.de\/wp-content\/uploads\/2013\/02\/ho\u0308flas-weiher2-1024x682.jpg\" alt=\"\" class=\"wp-image-799\" srcset=\"https:\/\/www.fischereiverein-schnaittach.de\/wp-content\/uploads\/2013\/02\/ho\u0308flas-weiher2-1024x682.jpg 1024w, https:\/\/www.fischereiverein-schnaittach.de\/wp-content\/uploads\/2013\/02\/ho\u0308flas-weiher2-300x199.jpg 300w, https:\/\/www.fischereiverein-schnaittach.de\/wp-content\/uploads\/2013\/02\/ho\u0308flas-weiher2-450x300.jpg 450w, https:\/\/www.fischereiverein-schnaittach.de\/wp-content\/uploads\/2013\/02\/ho\u0308flas-weiher2.jpg 2000w\" sizes=\"auto, (max-width: 1024px) 100vw, 1024px\" \/><figcaption class=\"wp-element-caption\">H\u00f6 2<\/figcaption><\/figure>\n<\/figure>\n\n\n<hr>\n<h4><strong>Das Au &#8211; Gel\u00e4nde:<\/strong><\/h4>\n\n\n<figure class=\"wp-block-image size-large is-resized\"><img loading=\"lazy\" decoding=\"async\" width=\"1024\" height=\"576\" src=\"https:\/\/www.fischereiverein-schnaittach.de\/wp-content\/uploads\/2020\/10\/01875450-BD0D-478F-A233-0247EC9C3B06-1024x576.jpg\" alt=\"\" class=\"wp-image-1929\" style=\"width:635px;height:357px\" srcset=\"https:\/\/www.fischereiverein-schnaittach.de\/wp-content\/uploads\/2020\/10\/01875450-BD0D-478F-A233-0247EC9C3B06-1024x576.jpg 1024w, https:\/\/www.fischereiverein-schnaittach.de\/wp-content\/uploads\/2020\/10\/01875450-BD0D-478F-A233-0247EC9C3B06-300x169.jpg 300w, https:\/\/www.fischereiverein-schnaittach.de\/wp-content\/uploads\/2020\/10\/01875450-BD0D-478F-A233-0247EC9C3B06-768x432.jpg 768w, https:\/\/www.fischereiverein-schnaittach.de\/wp-content\/uploads\/2020\/10\/01875450-BD0D-478F-A233-0247EC9C3B06-1536x864.jpg 1536w, https:\/\/www.fischereiverein-schnaittach.de\/wp-content\/uploads\/2020\/10\/01875450-BD0D-478F-A233-0247EC9C3B06-2048x1152.jpg 2048w, https:\/\/www.fischereiverein-schnaittach.de\/wp-content\/uploads\/2020\/10\/01875450-BD0D-478F-A233-0247EC9C3B06-500x281.jpg 500w\" sizes=\"auto, (max-width: 1024px) 100vw, 1024px\" \/><\/figure>\n\n\n\n<figure class=\"wp-block-gallery has-nested-images columns-default is-cropped wp-block-gallery-6 is-layout-flex wp-block-gallery-is-layout-flex\">\n<figure class=\"wp-block-image size-large\"><img loading=\"lazy\" decoding=\"async\" width=\"1024\" height=\"682\" data-id=\"793\" src=\"https:\/\/www.fischereiverein-schnaittach.de\/wp-content\/uploads\/2013\/02\/au-weiher2-1024x682.jpg\" alt=\"\" class=\"wp-image-793\" srcset=\"https:\/\/www.fischereiverein-schnaittach.de\/wp-content\/uploads\/2013\/02\/au-weiher2-1024x682.jpg 1024w, https:\/\/www.fischereiverein-schnaittach.de\/wp-content\/uploads\/2013\/02\/au-weiher2-300x199.jpg 300w, https:\/\/www.fischereiverein-schnaittach.de\/wp-content\/uploads\/2013\/02\/au-weiher2-450x300.jpg 450w, https:\/\/www.fischereiverein-schnaittach.de\/wp-content\/uploads\/2013\/02\/au-weiher2.jpg 2000w\" sizes=\"auto, (max-width: 1024px) 100vw, 1024px\" \/><\/figure>\n\n\n\n<figure class=\"wp-block-image size-large\"><img loading=\"lazy\" decoding=\"async\" width=\"1024\" height=\"682\" data-id=\"792\" src=\"https:\/\/www.fischereiverein-schnaittach.de\/wp-content\/uploads\/2013\/02\/au-weiher1-1024x682.jpg\" alt=\"\" class=\"wp-image-792\" srcset=\"https:\/\/www.fischereiverein-schnaittach.de\/wp-content\/uploads\/2013\/02\/au-weiher1-1024x682.jpg 1024w, https:\/\/www.fischereiverein-schnaittach.de\/wp-content\/uploads\/2013\/02\/au-weiher1-300x199.jpg 300w, https:\/\/www.fischereiverein-schnaittach.de\/wp-content\/uploads\/2013\/02\/au-weiher1-450x300.jpg 450w, https:\/\/www.fischereiverein-schnaittach.de\/wp-content\/uploads\/2013\/02\/au-weiher1.jpg 2000w\" sizes=\"auto, (max-width: 1024px) 100vw, 1024px\" \/><\/figure>\n<\/figure>\n\n\n<h4><strong>Bartelweiher (BAW):<\/strong><\/h4>\n\n\n<figure class=\"wp-block-image size-large is-resized\"><img loading=\"lazy\" decoding=\"async\" width=\"1024\" height=\"576\" src=\"https:\/\/www.fischereiverein-schnaittach.de\/wp-content\/uploads\/2020\/10\/43B8BB32-609A-4B6C-8EF4-A64D9920626C-1024x576.jpg\" alt=\"\" class=\"wp-image-1928\" style=\"width:643px;height:361px\" srcset=\"https:\/\/www.fischereiverein-schnaittach.de\/wp-content\/uploads\/2020\/10\/43B8BB32-609A-4B6C-8EF4-A64D9920626C-1024x576.jpg 1024w, https:\/\/www.fischereiverein-schnaittach.de\/wp-content\/uploads\/2020\/10\/43B8BB32-609A-4B6C-8EF4-A64D9920626C-300x169.jpg 300w, https:\/\/www.fischereiverein-schnaittach.de\/wp-content\/uploads\/2020\/10\/43B8BB32-609A-4B6C-8EF4-A64D9920626C-768x432.jpg 768w, https:\/\/www.fischereiverein-schnaittach.de\/wp-content\/uploads\/2020\/10\/43B8BB32-609A-4B6C-8EF4-A64D9920626C-1536x864.jpg 1536w, https:\/\/www.fischereiverein-schnaittach.de\/wp-content\/uploads\/2020\/10\/43B8BB32-609A-4B6C-8EF4-A64D9920626C-2048x1152.jpg 2048w, https:\/\/www.fischereiverein-schnaittach.de\/wp-content\/uploads\/2020\/10\/43B8BB32-609A-4B6C-8EF4-A64D9920626C-500x281.jpg 500w\" sizes=\"auto, (max-width: 1024px) 100vw, 1024px\" \/><\/figure>\n\n\n\n<figure class=\"wp-block-gallery has-nested-images columns-default is-cropped wp-block-gallery-7 is-layout-flex wp-block-gallery-is-layout-flex\">\n<figure class=\"wp-block-image size-large\"><img loading=\"lazy\" decoding=\"async\" width=\"1024\" height=\"576\" data-id=\"1927\" src=\"https:\/\/www.fischereiverein-schnaittach.de\/wp-content\/uploads\/2020\/10\/02E0F78E-0942-4B65-B4AE-0E12E796EF24-1024x576.jpg\" alt=\"\" class=\"wp-image-1927\" srcset=\"https:\/\/www.fischereiverein-schnaittach.de\/wp-content\/uploads\/2020\/10\/02E0F78E-0942-4B65-B4AE-0E12E796EF24-1024x576.jpg 1024w, https:\/\/www.fischereiverein-schnaittach.de\/wp-content\/uploads\/2020\/10\/02E0F78E-0942-4B65-B4AE-0E12E796EF24-300x169.jpg 300w, https:\/\/www.fischereiverein-schnaittach.de\/wp-content\/uploads\/2020\/10\/02E0F78E-0942-4B65-B4AE-0E12E796EF24-768x432.jpg 768w, https:\/\/www.fischereiverein-schnaittach.de\/wp-content\/uploads\/2020\/10\/02E0F78E-0942-4B65-B4AE-0E12E796EF24-1536x864.jpg 1536w, https:\/\/www.fischereiverein-schnaittach.de\/wp-content\/uploads\/2020\/10\/02E0F78E-0942-4B65-B4AE-0E12E796EF24-2048x1152.jpg 2048w, https:\/\/www.fischereiverein-schnaittach.de\/wp-content\/uploads\/2020\/10\/02E0F78E-0942-4B65-B4AE-0E12E796EF24-500x281.jpg 500w\" sizes=\"auto, (max-width: 1024px) 100vw, 1024px\" \/><\/figure>\n\n\n\n<figure class=\"wp-block-image size-large\"><img loading=\"lazy\" decoding=\"async\" width=\"1024\" height=\"682\" data-id=\"794\" src=\"https:\/\/www.fischereiverein-schnaittach.de\/wp-content\/uploads\/2013\/02\/bartlweiher-1024x682.jpg\" alt=\"\" class=\"wp-image-794\" srcset=\"https:\/\/www.fischereiverein-schnaittach.de\/wp-content\/uploads\/2013\/02\/bartlweiher-1024x682.jpg 1024w, https:\/\/www.fischereiverein-schnaittach.de\/wp-content\/uploads\/2013\/02\/bartlweiher-300x199.jpg 300w, https:\/\/www.fischereiverein-schnaittach.de\/wp-content\/uploads\/2013\/02\/bartlweiher-450x300.jpg 450w, https:\/\/www.fischereiverein-schnaittach.de\/wp-content\/uploads\/2013\/02\/bartlweiher.jpg 2000w\" sizes=\"auto, (max-width: 1024px) 100vw, 1024px\" \/><\/figure>\n<\/figure>\n\n\n<hr \/>\n<h4><strong>Die Schnaittach &#8211; (Flie\u00dfgew\u00e4sser) ohne Abbildung<\/strong><\/h4>\n<hr \/>\n\n\n<iframe loading=\"lazy\" src=\"https:\/\/www.google.com\/maps\/d\/embed?mid=1cYZyKMb-DrIdTMs96w9EwHn3BWKZ5kXP\" width=\"640\" height=\"480\"><\/iframe>\n","protected":false},"excerpt":{"rendered":"<p>Dreh- und Angelpunkt des Vereinslebens sind unsere Vereinsgew\u00e4sser.Dazu geh\u00f6rt der gro\u00dfe H\u00f6llweiher in Simonshofen, die zwei H\u00f6flaser Weiher, der B\u00fcrgerweiher, die Laipersdorfer Weiher, die Au Weiher, sowie als Flie\u00dfgew\u00e4sser die Schnaittach, R\u00f6ttenbach, Sittenbach und den Osternoher Bach Laipersdorfer Weiher: H\u00f6llweiher &hellip; <a href=\"https:\/\/www.fischereiverein-schnaittach.de\/?page_id=13\">Weiterlesen <span class=\"meta-nav\">&rarr;<\/span><\/a><\/p>\n","protected":false},"author":1,"featured_media":0,"parent":0,"menu_order":0,"comment_status":"closed","ping_status":"closed","template":"","meta":{"footnotes":""},"class_list":["post-13","page","type-page","status-publish","hentry"],"_links":{"self":[{"href":"https:\/\/www.fischereiverein-schnaittach.de\/index.php?rest_route=\/wp\/v2\/pages\/13","targetHints":{"allow":["GET"]}}],"collection":[{"href":"https:\/\/www.fischereiverein-schnaittach.de\/index.php?rest_route=\/wp\/v2\/pages"}],"about":[{"href":"https:\/\/www.fischereiverein-schnaittach.de\/index.php?rest_route=\/wp\/v2\/types\/page"}],"author":[{"embeddable":true,"href":"https:\/\/www.fischereiverein-schnaittach.de\/index.php?rest_route=\/wp\/v2\/users\/1"}],"replies":[{"embeddable":true,"href":"https:\/\/www.fischereiverein-schnaittach.de\/index.php?rest_route=%2Fwp%2Fv2%2Fcomments&post=13"}],"version-history":[{"count":21,"href":"https:\/\/www.fischereiverein-schnaittach.de\/index.php?rest_route=\/wp\/v2\/pages\/13\/revisions"}],"predecessor-version":[{"id":2320,"href":"https:\/\/www.fischereiverein-schnaittach.de\/index.php?rest_route=\/wp\/v2\/pages\/13\/revisions\/2320"}],"wp:attachment":[{"href":"https:\/\/www.fischereiverein-schnaittach.de\/index.php?rest_route=%2Fwp%2Fv2%2Fmedia&parent=13"}],"curies":[{"name":"wp","href":"https:\/\/api.w.org\/{rel}","templated":true}]}}